of p?
3
Let m(q) = -7*q**2 - 14*q - 1. Let o(f) = -5*f**2 + 2*f**2 - 7*f - 2 + 2. Let g(r) = 2*m(r) - 5*o(r). What is the tens digit of g(-9)?
1
What is the units digit of (-135)/(-6)*16/12?
0
Suppose 4*a = 3*b + 18, 6 = 3*b - 0. Let d be (-2 - (-9)/a)*-8. Suppose -4*x + 5*k = x - 90, x = -d*k - 7. What is the tens digit of x?
1
Suppose 0 = 2*q + 4*z + 4, 2*q + 6 + 0 = -5*z. Let o be q*(10/(-1))/2. What is the units digit of (-10)/(-25) + (-136)/o?
4
Suppose 2*t - 4 - 56 = 0. What is the tens digit of t?
3
Suppose -2*p = -i + 3*p + 41, -3*p = -4*i + 164. What is the tens digit of i?
4
Suppose -4*c - 2*f = 0, -f + 2 = 3*c - 0*c. Suppose -q + 0*n = 3*n - 4, -9 = -4*q - 5*n. Let h = c - q. What is the units digit of h?
1
Let j = 18 + 56. What is the tens digit of j?
7
Suppose 0 = -4*w - 66 + 2. Let g = 25 + w. What is the units digit of g?
9
Let i = -1 + 0. Let f = i + 1. Suppose f*g = g - 2. What is the units digit of g?
2
What is the tens digit of (-4)/6*(-810)/20?
2
Let w(l) = -l**3 - 24*l**2 + 19*l + 20. What is the tens digit of w(-25)?
7
Let s(z) = -3*z + z + z**3 + 1 + 2*z**2 + 11*z**2. What is the units digit of s(-13)?
7
Suppose 2*k = 3*k + 52. What is the units digit of k/(-14) + (-4)/(-14)?
4
Let o = 4 + -1. Suppose 5*y - 10 = 90. Suppose v = -o*v + y. What is the units digit of v?
5
Suppose 4*x + 116 = 5*j, 2*j + 0*j - 26 = x. What is the units digit of x/(-6) - 1/(-3)?
6
Suppose -3*v - v + 2*h = -10, 2*v = 2*h + 2. What is the tens digit of (1*-20)/((-2)/v)?
4
Suppose 0 = -2*s - 3*a + 125, 0*a - 207 = -3*s + 2*a. What is the tens digit of s?
6
Suppose 0 = 7*u - 2*u - 100. What is the units digit of u?
0
Suppose 0 = 3*d + 4*k - 56, -3*k + 42 = 3*d - 6*k. What is the units digit of d?
6
Suppose -5*s - c = -60, 5*s + 0*c - 30 = 5*c. Suppose -4*r - l + 77 = 4*l, 0 = l + 3. Let p = r - s. What is the tens digit of p?
1
Let a = 2 - -3. Suppose a = 3*h - 4. Suppose -2*s - m = h, -7 = -5*s + m + 3. What is the units digit of s?
1
Let s be (6/(-12))/(2/(-8)). Suppose 2*t = s*x - 2*t, 5*t + 15 = 5*x. What is the units digit of x?
6
Let q(b) = -b + 1. Let f be q(-3). Suppose 4*t - f = -2*w, 0 = -4*w - 0*t + 2*t + 8. What is the units digit of -6*(-3)/w + 2?
1
Let u(r) = r**3 + 7*r**2 + 5*r - 2. Let t be u(-6). Suppose t*h - 7 - 17 = 0. What is the units digit of h?
6
Let a be (28/(-21))/(2/(-3)). Suppose 3*i - v - 7 = -0*v, 0 = a*i - 3*v. What is the units digit of i?
3
What is the tens digit of (4/(-3))/((-12)/1116)?
2
Suppose -4*g + 180 = g. Let p be (-2 + 0 + 2)/1. Suppose 5*k + 3*o = 70, p*k = k + 5*o - g. What is the tens digit of k?
1
Let x = -10 - -13. Suppose x*h = -h + 124. What is the units digit of h?
1
Let z(q) be the third derivative of -q**4/24 + 4*q**3/3 - 2*q**2. What is the units digit of z(-6)?
4
Let q(u) be the second derivative of u**3/6 - u**2 - 5*u. What is the units digit of q(4)?
2
Let l be (-48)/64*(-8)/3. Suppose -r - v = -l*v - 28, -4*v = -16. What is the units digit of r?
2
Let t = -7 + 67. What is the units digit of (4/(-8))/((-1)/t)?
0
Let z be (-1 + 0)*(1 + 4). Suppose -5*h + 2*t + 0*t + 44 = 0, 2*h - 22 = 3*t. Let s = z + h. What is the units digit of s?
3
Suppose 0*y - 64 = -2*b + 2*y, -2*b + 62 = -4*y. What is the tens digit of b?
3
Suppose 3*b = 2*t - 0*t + 13, -3 = b + 3*t. Suppose 5*q - b = 32. What is the units digit of q?
7
What is the units digit of 18/30*-1*-85?
1
Let y = 12 + -4. Let t be (-4)/2*(y - 3). What is the units digit of (t/4 - -2)*-4?
2
Let g = -2 - -35. What is the units digit of g?
3
What is the tens digit of 1/(-3) + 628/12?
5
Let w be 170/(-15)*(-167 - 1). What is the units digit of 1/4 - w/(-64)?
0
Let p(l) = 29*l - 6. What is the units digit of p(1)?
3
Suppose -3*t + 3*z - 4*z = 5, -t = 2*z. What is the units digit of 0/(3 + t) - -9?
9
Let n(u) = -u**3 - u + 3. Let g be n(0). Let w = 2 + g. Suppose 3 - w = -2*z. What is the units digit of z?
1
Suppose -17 = -5*o - g, 2*o + g = 6*g + 23. Suppose -9 = -o*k + 11. Suppose k*c + 0 = 20. What is the units digit of c?
4
Suppose -2*f - w + 99 = 0, -4*f + w + 211 = 10. Suppose 3*d + q - 36 = f, 2*q = -5*d + 142. What is the units digit of d?
0
Suppose -3*c = -7*c + 124. What is the tens digit of c?
3
Suppose 117 = 11*y - 730. What is the units digit of y?
7
Let q = 7 - 16. Let t = -2 - q. What is the units digit of t?
7
Let d(s) = -4*s + 1. What is the tens digit of d(-8)?
3
Let a(g) = g**3 + 13*g**2 + 10*g + 3. What is the units digit of a(-6)?
5
Let c be 3/(-9)*2*-3. Let l be (-10)/c*(-1)/1. Let z(r) = 2*r - 4. What is the units digit of z(l)?
6
Let w = 2 - 1. Let c be (4 + -4)/(w/1). Suppose -2*x + 4*x - 16 = c. What is the units digit of x?
8
Suppose -69 = -7*m + 4*m. Let u(c) = 4*c**2 + c + 2. Let k be u(-3). Let b = k - m. What is the tens digit of b?
1
Let g be 20/(-15)*3/(-2). Let p(u) = -u**3 + 7*u**g - 3 - u**2 + 0*u**2 + 9*u. What is the units digit of p(7)?
1
Let b = 3 - 2. Suppose -b = p - 5. Suppose 10 = 2*r + p*g, -r - 2*g - 34 = -3*r. What is the tens digit of r?
1
Suppose -5*p + h - 5*h = -821, h = 4*p - 640. What is the tens digit of p?
6
Let f(y) = 10*y**2 + y - 2. Let t be f(2). Suppose 0 = -4*g - 0 + t. What is the tens digit of g?
1
Let o be (2/(-4))/((-1)/92). Suppose 3*k - y - y - 50 = 0, 0 = -2*k - 5*y + o. What is the units digit of k?
8
Let t be ((-2)/1)/((-4)/2). Let x be 0 + t + 0 + 4. Suppose 7*b - d = 3*b + 30, 0 = -3*b + x*d + 14. What is the units digit of b?
8
Let y(t) = 2*t - 7. Let u be y(6). Let q = 133 - 130. Suppose -q*d = -5*f - 85, -3*d - d = u*f - 55. What is the units digit of d?
0
Let f(n) = -16*n - 21. What is the tens digit of f(-5)?
5
Let k(s) = -s**2 - 6*s - 3. Let o be k(-5). Suppose -o*n + 7*n + 5 = 5*d, 2 = 2*d. What is the units digit of n + -2 - -2 - -4?
4
Let f be 10*(11 - 2)/3. What is the units digit of (-33)/(-5) - 18/f?
6
Suppose 0 = -42*z + 43*z - 77. What is the tens digit of z?
7
Let u = -422 + 661. What is the hundreds digit of u?
2
Let b = -4 - -4. Let f be (1 - b) + (-4)/(-4). What is the units digit of f/3 + 44/6?
8
Suppose 11 = 4*w - 97. What is the tens digit of w?
2
Let m = 17 + -41. What is the units digit of 2*m/(-3) + 2?
8
Let c = 22 - 18. Let y = c + 6. What is the tens digit of y?
1
Suppose 20 = 4*n - 44. Suppose -2*m + 5*s + 43 - n = 0, s = 4*m - 27. What is the units digit of m?
6
Suppose -2*q = 3*q - 5. Let y be (2/q)/(2 - 0). Suppose -2 = -t + y. What is the units digit of t?
3
Let w(c) = 2*c**2 - 3*c. What is the units digit of w(-3)?
7
Let y(u) = -u + 2. Let w be y(-5). Let c = 13 - w. What is the units digit of (0 + 2)/(-4 + c)?
1
Suppose -8*b + 107 = -285. What is the tens digit of b?
4
Suppose -4*q - 5*k + 32 = 0, k - 8 + 1 = -q. Suppose -q*f + 6 + 9 = 0. What is the units digit of f?
5
Suppose 0 = 5*o - 102 - 243. What is the tens digit of o?
6
Let k(w) = w**2 + w - 4. Let x be (1/(-2))/(2/12). Let m be k(x). Let v = m + 3. What is the units digit of v?
5
Let z(k) be the first derivative of -7*k**2/2 - 2. Let s be -1 - ((-9)/(-3) + -3). What is the units digit of z(s)?
7
What is the tens digit of (-54)/7*252/(-54)?
3
Let i(c) = -c**2 + 17*c - 3. What is the tens digit of i(12)?
5
Suppose -k - 3 = t - 3*k, -2 = 2*t - 3*k. Let n(f) = -f**3 + 6*f**2 - 4*f. What is the units digit of n(t)?
5
Suppose 0 = -3*m + 1 - 10. What is the units digit of (4 - m) + (1 - -1)?
9
Let i = 0 - 3. Let v(s) = -4*s - 3. What is the units digit of v(i)?
9
Let r = 10 + -8. Suppose -2*s = -4*t - 30, -7*t - 9 = -s - r*t. Let o = s - 11. What is the units digit of o?
8
Let w = 18 + 27. What is the units digit of w?
5
Let o = -9 - -1. Let l = -6 - o. What is the units digit of l?
2
Suppose -19*m = -14*m - 650. What is the units digit of m?
0
Let z(w) = w + 9. Let h be z(-8). What is the units digit of h/(17/8 + -2)?
8
Let f = 572 - 403. What is the units digit of f?
9
Let p = 21 + -6. Let n = -20 - -14. What is the units digit of (18/p)/(n/(-15))?
3
Let r(i) = i**3 + 6*i**2 - 5*i + 7. Let p be r(-7). Let k = p + 14. What is the units digit of k?
7
Suppose -4*z + 141 = 3*u - 99, 2*z - 2*u - 120 = 0. What is the tens digit of z?
6
Let u = 2 - -3. Suppose -5*q = -2*q. Suppose q*h - 65 = -u*h. What is the tens digit of h?
1
Let c = -4 + 6. Let j = 4 + c. What is the units digit of j?
6
Suppo